e
Does 22 divide 4975309?
False
Is 13 a factor of 236588?
False
Is 5583720 a multiple of 190?
True
Does 73 divide 348502?
True
Is 1696249 a multiple of 13?
False
Is 17 a factor of 2098753?
False
Does 116 divide 63197?
False
Is 224260 a multiple of 5?
True
Does 574 divide 158998?
True
Does 1056 divide 6800640?
True
Is 340 a factor of 819060?
True
Is 27 a factor of 86060?
False
Is 335720 a multiple of 56?
True
Does 510 divide 2081310?
True
Is 143 a factor of 2170696?
False
Is 20857 a multiple of 107?
False
Is 6332229 a multiple of 9?
True
Is 20 a factor of 47680?
True
Does 35 divide 2224740?
True
Is 226284 a multiple of 346?
True
Is 6 a factor of 825419?
False
Is 243417 a multiple of 104?
False
Does 135 divide 251505?
True
Does 7 divide 14688?
False
Does 66 divide 160185?
False
Is 218 a factor of 350544?
True
Is 18947 even?
False
Is 459 a factor of 73934?
False
Does 56 divide 1861751?
False
Is 11929798 a multiple of 184?
False
Is 269 a factor of 2358249?
False
Is 41 a factor of 299095?
True
Is 107 a factor of 8346?
True
Is 99 a factor of 151965?
True
Does 4 divide 110258?
False
Does 238 divide 159598?
False
Does 262 divide 25414?
True
Is 23 a factor of 1441433?
True
Is 1009681 a multiple of 121?
False
Is 347856 a multiple of 31?
False
Is 20 a factor of 182813?
False
Is 12 a factor of 1605235?
False
Is 75 a factor of 1211688?
False
Is 9035775 a multiple of 225?
True
Is 170 a factor of 50705?
False
Is 534420 a multiple of 18?
True
Is 366 a factor of 3164124?
False
Is 769574 a multiple of 35?
False
Does 100 divide 270833?
False
Does 21 divide 7827401?
False
Is 3 a factor of 4734?
True
Is 335 a factor of 389261?
False
Does 16 divide 3827120?
True
Does 9 divide 232614?
True
Does 24 divide 3355276?
False
Is 42 a factor of 1986978?
True
Is 375 a factor of 3196952?
False
Is 909160 a multiple of 476?
True
Is 6 a factor of 146644?
False
Does 41 divide 7483050?
False
Does 30 divide 6381750?
True
Is 46 a factor of 2208?
True
Is 170 a factor of 2038107?
False
Does 64 divide 175040?
True
Is 3553657 a multiple of 359?
False
Does 10 divide 3079030?
True
Does 589 divide 722114?
True
Is 78638 even?
True
Is 3857291 a multiple of 1174?
False
Does 130 divide 3183310?
True
Is 7 a factor of 75554?
False
Is 2829071 a multiple of 7?
True
Does 11 divide 1507550?
True
Is 11166 a multiple of 3?
True
Is 24 a factor of 393358?
False
Does 41 divide 1541115?
False
Is 110 a factor of 28217?
False
Is 381 a factor of 3954780?
True
Is 11017496 a multiple of 12?
False
Is 609 a factor of 788046?
True
Is 990144 a multiple of 382?
True
Does 11 divide 3265526?
True
Does 9 divide 2504169?
True
Is 162 a factor of 107892?
True
Is 85527 a multiple of 36?
False
Does 909 divide 5843052?
True
Is 183 a factor of 1565545?
False
Does 464 divide 10371918?
False
Is 112 a factor of 67200?
True
Does 8 divide 72400?
True
Does 16 divide 5360?
True
Is 14 a factor of 5159644?
True
Does 22 divide 230775?
False
Is 2300763 a multiple of 269?
False
Does 51 divide 2397536?
False
Is 28947 a multiple of 7?
False
Is 2 a factor of 104231?
False
Is 205 a factor of 353913?
False
Is 214 a factor of 235400?
True
Is 10 a factor of 30734810?
True
Is 7 a factor of 2824843?
True
Is 14 a factor of 15526?
True
Is 89 a factor of 1479269?
True
Is 211 a factor of 13287?
False
Is 111 a factor of 162798?
False
Is 476619 a multiple of 164?
False
Is 8923593 a multiple of 21?
True
Is 36 a factor of 1172592?
True
Does 176 divide 3664672?
True
Is 953749 a multiple of 149?
True
Is 77 a factor of 153923?
True
Is 114 a factor of 103549?
False
Does 892 divide 75103?
False
Is 35675 a multiple of 7?
False
Is 294489 a multiple of 320?
False
Is 2638511 a multiple of 49?
False
Does 4 divide 243224?
True
Is 521182 a multiple of 37?
True
Is 5161050 a multiple of 18?
True
Does 44 divide 260040?
True
Does 431 divide 2804948?
True
Is 334423 a multiple of 43?
False
Does 53 divide 92345?
False
Does 710 divide 8980082?
False
Is 195 a factor of 536250?
True
Does 99 divide 2221280?
False
Is 236 a factor of 442972?
True
Is 25 a factor of 523747?
False
Is 1227270 a multiple of 110?
True
Does 114 divide 1849194?
True
Is 12 a factor of 16968?
True
Is 8171111 a multiple of 149?
False
Is 90 a factor of 481263?
False
Is 43 a factor of 14319?
True
Does 60 divide 685800?
True
Does 4 divide 227704?
True
Is 14 a factor of 38940?
False
Is 3 a factor of 1475521?
False
Is 17 a factor of 1347675?
True
Is 215948 a multiple of 32?
False
Does 101 divide 5981422?
True
Is 580 a factor of 771980?
True
Is 21794 a multiple of 12?
False
Is 621156 a multiple of 105?
False
Does 11 divide 1642315?
False
Is 120 a factor of 1871760?
True
Is 156 a factor of 349752?
True
Does 432 divide 119232?
True
Is 212 a factor of 387997?
False
Does 27 divide 188460?
True
Does 434 divide 167548?
False
Does 126 divide 3122863?
False
Is 6 a factor of 18386?
False
Does 431 divide 4512464?
False
Is 22 a factor of 560894?
False
Is 109414 a multiple of 6?
False
Is 185742 a multiple of 34?
True
Does 19 divide 74271?
True
Does 17 divide 547383?
True
Is 1211625 a multiple of 19?
False
Does 35 divide 210875?
True
Does 11 divide 35211?
True
Does 8 divide 144649?
False
Is 161 a factor of 2474248?
True
Is 33 a factor of 1020056?
False
Is 43890 a multiple of 77?
True
Is 15 a factor of 18388?
False
Does 134 divide 7712421?
False
Does 282 divide 46794?
False
Is 88774 a multiple of 9?
False
Is 31 a factor of 51863?
True
Is 1380141 a multiple of 2?
False
Does 3 divide 45938?
False
Does 319 divide 2110747?
False
Is 32400 a multiple of 60?
True
Does 28 divide 1296768?
False
Does 71 divide 55877?
True
Is 1670954 a multiple of 684?
False
Does 26 divide 74719?
False
Is 986 a factor of 1908329?
False
Is 277 a factor of 7465354?
False
Does 97 divide 1260271?
False
Does 93 divide 43617?
True
Does 251 divide 206983?
False
Does 8 divide 146638?
False
Is 233454 a multiple of 39?
True
Is 598 a factor of 1432210?
True
Does 202 divide 6798721?
False
Is 3561 a multiple of 2?
False
Is 447785 a multiple of 415?
True
Is 220016 a multiple of 8?
True
Does 16 divide 232832?
True
Is 999 a factor of 3108242?
False
Is 2189 a multiple of 30?
False
Does 34 divide 182221?
False
Does 119 divide 85405?
False
Does 64 divide 36224?
True
Is 307 a factor of 15376108?
False
Is 99414 a multiple of 18?
True
Is 1696385 a multiple of 14?
False
Is 71 a factor of 18429325?
False
Is 11917125 a multiple of 75?
True
Is 41 a factor of 49610?
True
Is 16 a factor of 406208?
True
Is 23 a factor of 1700855?
False
Does 60 divide 1448937?
False
Does 68 divide 2076410?
False
Does 14 divide 8752370?
False
Is 6504646 a multiple of 191?
False
Is 3 a factor of 1175421?
True
Does 87 divide 3564237?
False
Is 15617974 a multiple of 122?
False
Is 112 a factor of 159152?
True
Is 4349647 a multiple of 417?
False
Is 25 a factor of 3204477?
False
Does 779 divide 123082?
True
Is 12534718 a multiple of 14?
True
Does 11 divide 4303134?
True
Is 3 a factor of 127944?
True
Does 162 divide 6084235?
False
Does 57 divide 3382455?
False
Is 37862 a multiple of 30?
False
Does 23 divide 52329?
False
Is 2522752 a multiple of 4?
True
Does 91 divide 93639?
True
Is 3 a factor of 59035?
False
Does 19 divide 1547211?
False
Is 47635 a multiple of 157?
False
Is 1242054 a multiple of 306?
True
Is 1705867 a multiple of 45?
False
Is 769 a factor of 5750219?
False
Is 2034160 a multiple of 47?
True
Does 24 divide 1029912?
True
Does 7 divide 54957?
True
Is 324843 a multiple of 16?
False
Is 503 a factor of 2534614?
False
Does 9 divide 24867?
True
Does 67 divide 237599?
False
Does 447 divide 14571306?
True
Is 122703 a multiple of 5?
False
Is 3768858 a multiple of 9?
True
Does 26 divide 135574?
False
Does 33 divide 36952?
False
Is 628320 a multiple of 238?
True
Is 773223 a multiple of 11?
True
Is 26 a factor of 456258?
False
Is 1122502 a multiple of 235?
False
Does 21 divide 24441606?
True
Is 105 a factor of 241185?
True
Is 277 a factor of 469792?
True
Is 744425 a multiple of 573?
False
Does 20 divide 537857?
False
Is 698800 a multiple of 4?
True
Does 107 divide 503608?
False
Does 2 divide 301161?
False
Does 13 divide 1553039?
False
Is 196958 a multiple of 110?
False
Is 262504 a multiple of 418?
True
Does 522 divide 116619?
False
Is 3764313 a multiple of 3?
True
Is 479697 a multiple of 331?
False
